of -19*d**3/6 + 95*d**2 + 23*d + 4. Give v(10).
0
Suppose 0 = u - 4, 3*u = -t + 41 + 3. Suppose 35*c + t = 39*c. Let m(j) = j**3 - 9*j**2 + 10*j - 11. Calculate m(c).
5
Suppose 4*c + 212 + 260 = 0. Let i = -115 - c. Let h(q) = 2 - 79*q + 40*q + 34*q - 3*q**2 + 2*q**i. Give h(3).
14
Let g(d) = -d**3 + 4*d**2 + 60*d + 8. Let f be g(10). Let r(w) = -w**2 - 18*w + 207. Let h be r(f). Let x(s) = -s + 1. Determine x(h).
2
Let g(r) = -r**2 - 7*r + 2. Suppose 16 = 45*q - 41*q. Suppose 4*d - q = 0, h + 7*d - 22 = 2*d. Suppose 5*k + h + 18 = 0. What is g(k)?
2
Let o be (5 - 4) + 7 + -7 + 3. Let c(z) = -z**3 - z**2 - z - 3. Determine c(o).
-87
Let d be (4/(-6))/((-1)/6). Suppose -2*t + 1 = -s - 8, 2*s = -6. Let j(w) = -4*w - 3*w**3 - 3*w**2 + 2928 + 4*w**t - 2923. Give j(d).
5
Let k(p) = 3*p + 4. Let o(j) = j**3 - 9*j**2 + 3. Let d be (3059/42 - (-2)/(-6))*2. Let x be 8/(-12) - d/(-15). Let t be o(x). Calculate k(t).
13
Let g(f) = f**2 + 11*f + 12. Let m = -6686 - -6687. Suppose 4*q + 1 + 19 = 4*n, 5*q = 3*n - 19. Suppose o + n*c + 21 = 0, c + m = o + 6. Give g(o).
-6
Let w(g) = 6*g + 15. Let z(j) = -j - 3. Let m(b) = b**2 + 13*b - 63. Let l be m(-17). Let q be -3 - -1 - 4*l. Let c(o) = q*z(o) - 4*w(o). Give c(9).
-12
Let p(x) = -15015313*x + 40 + 15015332*x - 10. Calculate p(-9).
-141
Let i(n) be the first derivative of n**4/4 - n**3 + 2*n**2 - 5*n + 5678. Suppose -m - 2*m + 9 = 0. Calculate i(m).
7
Let t(u) = -4*u**3 - 2*u - 1. Suppose 45*k = 12*k + 66. Suppose -2*o - 2*g + 6 - k = 0, 4*o - 4*g = -16. Calculate t(o).
5
Let n(k) = 2*k**2 + 5 + 0*k - 4 - 6*k**3 - k + 3*k. Let h be n(-1). Let c(r) = -h - 20*r + 34*r - 10*r + 14. Calculate c(-5).
-13
Let j(c) = 13*c + 78. Let l(d) = 3*d + 18. Let f(p) = -2*j(p) + 9*l(p). Calculate f(-4).
2
Let j(w) = -w**2 - 17*w - 32. Suppose -37*l + 102*l = -975. Give j(l).
-2
Let k(q) = 181 - 325 + 6*q + 203. Calculate k(-9).
5
Let d(w) = -7*w**2 + 14*w + 33. Let o(m) = -58*m**2 + 114*m + 265. Let q(k) = -25*d(k) + 3*o(k). What is q(8)?
-30
Let h(k) = 4*k**3 + 192*k**2 + 4*k + 171. Let c be h(-48). Let m(n) = n**2 + 17*n - 83. What is m(c)?
1
Let l(j) = j**2 + 115*j + 1500. Let z be l(-100). Let a(u) = -u**3 - 13. Determine a(z).
-13
Let t(p) = 62*p**3 + 4*p**2 - 3*p - 5. Let x(d) = 27*d**3 + 2*d**2 - d - 2. Let b(m) = 2*t(m) - 5*x(m). What is b(-1)?
10
Let z(o) be the first derivative of 5*o**4/12 + o**3/3 - o**2/2 + 12*o + 133. Let h(g) be the second derivative of z(g). Calculate h(1).
12
Let j(x) be the first derivative of -x**4/4 - 7*x**3/3 - 5*x**2 + 6*x - 321. Give j(-5).
6
Let c(n) be the first derivative of -n**3/3 + n**2/2 + 12*n - 55. What is c(-4)?
-8
Let c = -11 - -10. Let q be (-282264)/(-30) - (-8)/(-10). Let o(b) = -16*b + 9408 - q. What is o(c)?
16
Suppose 95*j - j = -411 + 693. Let c(k) be the first derivative of 1 + 1/3*k**3 + 3*k - 3/2*k**2. What is c(j)?
3
Let i(v) = 14*v**3 - v**2 - 2*v + 3. Suppose -28*r - 114 + 142 = 0. What is i(r)?
14
Let x(u) be the third derivative of -5/24*u**4 + 0 - 5*u**2 + 1/2*u**3 - 8*u + 1/60*u**5. Suppose 3*b = 5*d + 18, 5*b - 4*d - 40 + 10 = 0. Calculate x(b).
9
Let s(z) = 7 - 2 - 4*z + 1. Let t = 725003 - 724998. Determine s(t).
-14
Let o(m) = 35*m**3 - m**2. Suppose 36 = 3*c + g, 3*g = 2*c + g - 16. Suppose 5*j - c = -z - 3*z, j = -4*z + 15. What is o(j)?
-36
Let g(k) = -14*k**2 - 29*k + 1. Let x(j) = -15*j + 133. Let p be x(9). Let f be g(p). Let w(y) = y**3 - 4*y**2 + y. What is w(f)?
-6
Let r(x) = 24*x - 18. Let d(j) = j - 1. Let h(q) = 18*d(q) - r(q). Let w(p) = 3*p + 43. Let g be w(-6). Suppose -30 = -5*t - 2*n + 7*n, -5*n = g. What is h(t)?
-6
Let m(k) = -2*k**2 + 14*k + 1. Suppose -31 = 8*i - 7*i + 5*b, 3*b + 15 = 0. Let r(c) = c**2 - 7*c. Let v(s) = i*m(s) - 11*r(s). Determine v(6).
-12
Let h(s) = s**3 - 5*s**2 - s + 8. Let w(b) = -b**2 - b + 1. Let z(u) = u**2 - 15*u - 23. Let x(c) = -2*w(c) - z(c). Let n be x(-16). What is h(n)?
3
Let p be 0 - 1 - 1 - (24 - 33). Let l(d) be the first derivative of 47 - 1/3*d**3 + 3*d**2 - 9*d. Determine l(p).
-16
Let b(o) be the third derivative of o**7/840 - o**6/180 + o**4/24 - 8*o**3 - 34*o**2. Let i(n) be the first derivative of b(n). What is i(-1)?
-2
Let o(g) = -3 + 290*g - 250*g + 5. Give o(2).
82
Let t(c) = -970*c + 56 - c**3 - 13*c**2 - 46 + 950*c. Calculate t(-11).
-12
Let a(i) = -i**2 + 8*i - 5. Let o be a(7). Suppose 5*t + 14 - 4 = 0, 3*w + t - 19 = 0. Let v be w - 2 - o - (-15 + 10). Let s(y) = y - 12. Determine s(v).
-4
Let b(i) = 2*i**3 + 8*i**2 - 3*i. Let z = 11 - 11. Let k(t) = -4*t**3 + 3*t**3 + 2*t**2 + t + z*t - 3*t**2. Let s(c) = b(c) + k(c). Determine s(-7).
14
Let g(y) = -3*y**2 - 5*y + 29. Let r(k) = 29*k**2 + 46*k - 268. Let u(f) = -19*g(f) - 2*r(f). Determine u(7).
-43
Let a be 5/(-7) - (5 + 33/(-7)). Let b(q) = 2*q - 39*q**2 - 4*q + 36*q**2 - 9*q**3. Calculate b(a).
8
Let h(d) = 15*d + 3. Suppose 0 = 596*n - 641*n - 270. Determine h(n).
-87
Let h(w) = w**3 + w**2 + w + 4. Let m(r) = 22*r**2 + 60 - r - 12*r**2 - 9*r**2 - 18*r. Let f be m(15). Give h(f).
4
Let f(k) = -51 + 147*k**2 - 433*k**2 + 152*k**2 - 14*k + 133*k**2. Give f(-10).
-11
Let j(d) = d**2 + 5*d - 7. Let v(h) = 6*h**2 + 32*h - 43. Let u(i) = 13*j(i) - 2*v(i). Let n = -2 + 2. What is u(n)?
-5
Let u(x) = -24*x**3 - 25*x**2 + 12*x + 2. Let j(z) = 13*z**3 + 13*z**2 - 7*z - 1. Let n(b) = 11*j(b) + 6*u(b). Calculate n(-6).
-5
Let v(q) be the second derivative of -q**3/6 - 7*q**2/2 + 2880*q. Suppose 0 = 3*y - 2*n, 5*y = -3*n + n. Give v(y).
-7
Let i(j) = 21*j**3 - 49*j**2 + 34*j. Let z(m) = 19*m**3 - 46*m**2 + 32*m. Let f(s) = 10*i(s) - 11*z(s). Give f(-17).
-85
Let v(w) = 4*w + 1. Let o(k) = 6*k + 256 - 255 + 2*k - 4*k. Suppose -3*f = 5*t + 30, -t - 2*f = -5*f - 12. Let j(s) = t*o(s) + 4*v(s). What is j(-1)?
-3
Let r(m) = -m**2 + 13*m - 4. Let h = 126 + -129. Let f be 5/h + 1 - 160/(-15). Determine r(f).
26
Suppose 9*a + 93 = 4*a - 2*i, 7 = 7*i. Let c(p) = 2*p**2 + 36*p - 10. Determine c(a).
28
Let u(z) = -z**2 - 5*z + 13. Let y be u(-7). Suppose 58 = -5*d + 208. Let l(q) = -5*q - 22*q**2 + 3*q + 3*q + d*q**2 + 1. Give l(y).
8
Let n(d) = -6*d - 524. Let s be n(-88). Let q(w) = w**3 - 2*w**2 + w + 9. Calculate q(s).
45
Let n(c) = 4*c**2 - 14 - 3908*c + 1954*c - 5*c**2 + 1948*c. What is n(-9)?
-41
Suppose -8 = -5*h + 5*u - 3, -5*h - u + 11 = 0. Let l(q) = -5 + 5 - 9 + 6*q - h*q. What is l(-7)?
-37
Let l(u) = -32*u - 22*u - 23*u + 65*u - 130 + 15*u. What is l(45)?
5
Let r(i) = -2*i**3 + 3*i**2. Suppose 5*w - 1677 = 1348. Let y = -603 + w. Calculate r(y).
-4
Suppose 96 = -31*l + 63*l. Let y(h) = -24*h + 56*h - 28*h + 4. What is y(l)?
16
Let x(h) = -h**3 - 19*h - 15*h**2 - 4 - 1 - 11*h**2 + 6*h**2. Let v(u) = -2*u**3 + 14*u**2 - 39*u + 143. Let k be v(6). Determine x(k).
-5
Let j(m) = -m**2 + 22*m - 92. Let d be j(16). Let v(s) = 25*s**2 + 14*s**2 - 6*s + 1 - 41*s**2 + s**3. Determine v(d).
9
Let v(x) be the third derivative of -x**5/60 - 7*x**4/4 - 105*x**3/2 - 112*x**2 - 2*x - 4. What is v(-10)?
5
Suppose n + 4*f - 7 = 0, 3*n - 7*f + 2*f - 38 = 0. Let i(j) be the first derivative of 1/4*j**4 + j**3 - j - n + 1/2*j**2. Give i(-2).
1
Let w = 33 - 33. Let d = 6 + w. Let x(a) = 0*a + a + d + 2*a - 5. Calculate x(-5).
-14
Let n(k) = -k**3 + 7*k**2 - k + 8. Let a(v) = -v**3 + 11*v**2 - 9*v + 4. Let j be a(10). Suppose 20 = -9*x + j*x. Suppose 5*d = x + 31. Calculate n(d).
1
Let r be 0/2 - (2 - 2 - 0). Let m be 10/1 + (2 - r) + -1. Let d(f) = -10*f**3 + m*f**3 - 1 - 4*f - 2. Determine d(-3).
-18
Let x(d) = 8*d - 91. Let l be x(12). Let y(w) = 2 + 9 - 3 - 3*w - l. What is y(5)?
-12
Let i(y) be the second derivative of -y**4/4 - 4*y**3/3 + 21*y**2/2 - 58*y - 39. What is i(-5)?
-14
Let j(s) = 7*s + 13 + 17 - 20*s - 29*s**2 + 11 - 43. Let f(o) = 9*o**2 + 4*o + 1. Let r(i) = -7*f(i) - 2*j(i). What is r(-2)?
-19
Let b(h) = -2*h - 2. Let d be -1*((-2)/(-8) - 2/8). Suppose 4*n - 58 = 5*q - 13, d = -n + 5*q + 15. Let u be (2 - 5/1)*n/15. Calculate b(u).
2
Let h(w) = w. Suppose -10 - 54 = 8*i. Let m be (14 + i)/(12/(-8)). What is h(m)?
-4
Let l(w) = -4 + 17 - w**2 + 9*w + 1 - 14 + 1. What is l(8)?
9
Let a(n) = n**3 + 19*n**2 + 42*n - 92. Let t be a(-16). Let s(r) be the second derivative of -r**4/6 + r**3 - 3*r**2/2 - 2*r. Calculate s(t).
-11
Let u(a) = -